{"id":47064,"date":"2015-06-09T15:35:40","date_gmt":"2015-06-09T19:35:40","guid":{"rendered":"https:\/\/camrt.wpenginepowered.com\/fr\/?page_id=7087"},"modified":"2015-06-09T15:35:40","modified_gmt":"2015-06-09T19:35:40","slug":"camrtcaro","status":"publish","type":"page","link":"https:\/\/camrt.ca\/fr\/evenements\/camrtcaro\/","title":{"rendered":"CAMRT@CARO"},"content":{"rendered":"<p>Bienvenue \u00e0 la premi\u00e8re journ\u00e9e \u00e9ducative CAMRT@CARO pour les radioth\u00e9rapeutes!<\/p>\n<p>Nous proposons une formation inspirante et ax\u00e9e sur la pratique \u00e0 Kelowna le 9 septembre, dans le cadre de la r\u00e9union scientifique annuelle 2015 de CARO. Vous \u00eates invit\u00e9s \u00e0 venir participer \u00e0 cet environnement interprofessionnel et coll\u00e9gial avec des experts cliniques et universitaires.<\/p>\n<p><strong>Voici les grandes lignes du programme :<a href=\"https:\/\/camrt.ca\/wp-content\/uploads\/2015\/06\/CAMRT@CARO_E-News-FR.jpg\"><img loading=\"lazy\" decoding=\"async\" class=\"alignright size-full wp-image-7091\" src=\"https:\/\/camrt.ca\/wp-content\/uploads\/2015\/06\/CAMRT@CARO_E-News-FR.jpg\" alt=\"CAMRT@CARO_E-News-FR\" width=\"200\" height=\"250\" \/><\/a><\/strong><\/p>\n<ul class='dt-sc-fancy-list   rounded-arrow'>\n<li>Une s\u00e9ance conjointe sur la radioth\u00e9rapie assist\u00e9e par imagerie avec des r\u00e9sidents en radio-oncologie, donn\u00e9e par des professeurs de l\u2019\u00e9ducation interprofessionnelle de l\u2019Universit\u00e9 de Toronto.<\/li>\n<li>Les derni\u00e8res donn\u00e9es factuelles sur la pr\u00e9vention et la gestion des r\u00e9actions cutan\u00e9es caus\u00e9es par les rayonnements.<\/li>\n<li>Les toutes derni\u00e8res perspectives nationales et locales sur la technologie avanc\u00e9e dans le domaine de la radioth\u00e9rapie.<\/li>\n<li>Une aide pratique pour lancer une \u00e9tude et publier vos r\u00e9sultats.<\/li>\n<\/ul>\n<p>Venez participer \u00e0 ces occasions d\u2019apprentissage et de r\u00e9seautage et d\u00e9guster les vins de la r\u00e9gion de l\u2019Okanagan! Nous esp\u00e9rons vous y rencontrer.<\/p>\n<p>Pour l\u2019instant, la journ\u00e9e \u00e9ducative CAMRT @ CARO est offerte seulement en anglais.<\/p>\n<p><a href=\"https:\/\/camrt.ca\/wp-content\/uploads\/2015\/06\/CAMRT-@-CARO-agenda-1.pdf\">Programme \u00e9ducatif d&rsquo;une journ\u00e9e<\/a><\/p>\n<p><a href=\"https:\/\/ww2.camrt.ca\/caro-registration\/index.php\">POUR S\u2019INSCRIRE MAINTENANT<\/a><\/p>\n<p>&nbsp;<\/p>\n","protected":false},"excerpt":{"rendered":"<p>Bienvenue \u00e0 la premi\u00e8re journ\u00e9e \u00e9ducative CAMRT@CARO pour les radioth\u00e9rapeutes! Nous proposons une formation inspirante et ax\u00e9e sur la pratique \u00e0 Kelowna le 9 septembre, dans le cadre de la [&hellip;]<\/p>\n","protected":false},"author":30,"featured_media":0,"parent":47009,"menu_order":0,"comment_status":"open","ping_status":"open","template":"","meta":{"_monsterinsights_skip_tracking":false,"_monsterinsights_sitenote_active":false,"_monsterinsights_sitenote_note":"","_monsterinsights_sitenote_category":0,"footnotes":""},"class_list":["post-47064","page","type-page","status-publish","hentry"],"_links":{"self":[{"href":"https:\/\/camrt.ca\/fr\/wp-json\/wp\/v2\/pages\/47064","targetHints":{"allow":["GET"]}}],"collection":[{"href":"https:\/\/camrt.ca\/fr\/wp-json\/wp\/v2\/pages"}],"about":[{"href":"https:\/\/camrt.ca\/fr\/wp-json\/wp\/v2\/types\/page"}],"author":[{"embeddable":true,"href":"https:\/\/camrt.ca\/fr\/wp-json\/wp\/v2\/users\/30"}],"replies":[{"embeddable":true,"href":"https:\/\/camrt.ca\/fr\/wp-json\/wp\/v2\/comments?post=47064"}],"version-history":[{"count":0,"href":"https:\/\/camrt.ca\/fr\/wp-json\/wp\/v2\/pages\/47064\/revisions"}],"up":[{"embeddable":true,"href":"https:\/\/camrt.ca\/fr\/wp-json\/wp\/v2\/pages\/47009"}],"wp:attachment":[{"href":"https:\/\/camrt.ca\/fr\/wp-json\/wp\/v2\/media?parent=47064"}],"curies":[{"name":"wp","href":"https:\/\/api.w.org\/{rel}","templated":true}]}}

<p>Bienvenue à la première journée éducative CAMRT@CARO pour les radiothérapeutes!</p>
<p>Nous proposons une formation inspirante et axée sur la pratique à Kelowna le 9 septembre, dans le cadre de la réunion scientifique annuelle 2015 de CARO. Vous êtes invités à venir participer à cet environnement interprofessionnel et collégial avec des experts cliniques et universitaires.</p>
<p><strong>Voici les grandes lignes du programme :<a href="https://camrt.ca/wp-content/uploads/2015/06/CAMRT@CARO_E-News-FR.jpg"><img loading="lazy" decoding="async" class="alignright size-full wp-image-7091" src="https://camrt.ca/wp-content/uploads/2015/06/CAMRT@CARO_E-News-FR.jpg" alt="CAMRT@CARO_E-News-FR" width="200" height="250" /></a></strong></p>
<ul class='dt-sc-fancy-list   rounded-arrow'>
<li>Une séance conjointe sur la radiothérapie assistée par imagerie avec des résidents en radio-oncologie, donnée par des professeurs de l’éducation interprofessionnelle de l’Université de Toronto.</li>
<li>Les dernières données factuelles sur la prévention et la gestion des réactions cutanées causées par les rayonnements.</li>
<li>Les toutes dernières perspectives nationales et locales sur la technologie avancée dans le domaine de la radiothérapie.</li>
<li>Une aide pratique pour lancer une étude et publier vos résultats.</li>
</ul>
<p>Venez participer à ces occasions d’apprentissage et de réseautage et déguster les vins de la région de l’Okanagan! Nous espérons vous y rencontrer.</p>
<p>Pour l’instant, la journée éducative CAMRT @ CARO est offerte seulement en anglais.</p>
<p><a href="https://camrt.ca/wp-content/uploads/2015/06/CAMRT-@-CARO-agenda-1.pdf">Programme éducatif d&rsquo;une journée</a></p>
<p><a href="https://ww2.camrt.ca/caro-registration/index.php">POUR S’INSCRIRE MAINTENANT</a></p>
<p>&nbsp;</p>

<p>Bienvenue à la première journée éducative CAMRT@CARO pour les radiothérapeutes! Nous proposons une formation inspirante et axée sur la pratique à Kelowna le 9 septembre, dans le cadre de la [&hellip;]</p>
